3. Calculate n(-251).
25
Let b(u) = 373*u**2 - 2510*u - 708. What is b(7)?
-1
Let r(l) = 113*l**2 - 2159*l + 90. Determine r(19).
-138
Let o(b) = 277464*b - 3607034. Calculate o(13).
-2
Let i(z) = z**3 + 18*z**2 - 86*z - 1014. Calculate i(-19).
259
Let b(a) = -a**2 - 101952*a + 5814526. Determine b(57).
13
Let c(t) = -5*t**3 - 2*t**2 + 42*t + 24. Calculate c(5).
-441
Let s(t) = -2*t**3 - 628*t**2 + 13363*t + 1000. What is s(-334)?
-2
Let q(r) = -9*r**3 + 67*r**2 + 13*r - 53. Give q(8).
-269
Let i(k) = -14*k**2 + 871*k + 4450. Determine i(67).
-39
Let v(f) = 2*f**3 - 407*f**2 - 5203*f - 374. What is v(-12)?
-2
Let r(f) = 102*f + 4058. Determine r(-28).
1202
Let v(c) = 179*c**2 + 221*c - 939. Calculate v(-3).
9
Let c(k) = 55*k**2 + 46*k - 30. What is c(6)?
2226
Let y(w) = -w**2 + 573*w + 202671. Calculate y(-247).
131
Let z(s) = 6*s**2 + 564*s + 15. What is z(-94)?
15
Let t(v) = -27955*v + 167760. Give t(6).
30
Let p(x) = x**3 - 72*x**2 - 1733*x - 45. What is p(-19)?
31
Let u(r) = -5*r**3 + 24*r**2 + 9*r - 385. Give u(8).
-1337
Let d(b) = -b**2 - 164*b + 867. Give d(-171).
-330
Let a(z) = 276*z - 37265. Give a(135).
-5
Let h(v) = 1765*v + 83313. Give h(-47).
358
Let b(r) = 3*r**3 - 121*r**2 + 239*r + 952. Calculate b(38).
-74
Let n(l) = -67*l**2 + 287*l + 236. Determine n(5).
-4
Let j(r) = 56*r**3 + 616*r**2 + 12*r - 12. Give j(-11).
-144
Let z(f) = 6*f**2 + 137*f + 527. Determine z(-18).
5
Let m(t) = -t**3 - 91*t**2 - 1625*t - 1151. Determine m(-67).
-12
Let a(i) = i**3 - 15*i**2 + 25*i - 422. Determine a(13).
-435
Let j(r) = -92179*r + 184450. Give j(2).
92
Let h(o) = 2*o**3 - 23*o**2 + 53*o - 2358. Determine h(15).
12
Let q(k) = 919*k**2 + 55*k + 51. Give q(-1).
915
Let d(y) = y**3 - 19*y**2 - 160*y - 78. Determine d(24).
-1038
Let d(r) = 2*r**3 - 163*r**2 - 75*r - 579. What is d(82)?
-5
Let k(b) = -2704*b + 819316. What is k(303)?
4
Let z(m) = 94*m**3 + 2644*m**2 + 361*m + 705. What is z(-28)?
5
Let c(z) = -185*z**3 + 1657*z**2 + 66*z + 38. What is c(9)?
-16
Let c(j) = j**3 + 15*j**2 + 521*j + 7162. Give c(-14).
64
Let m(x) = -x**2 + 84*x - 988. Calculate m(17).
151
Let j(q) = q**3 + 26*q**2 - 287*q - 4992. What is j(-11)?
-20
Let o(k) = -8680*k + 381927. Calculate o(44).
7
Let m(d) = -1664*d - 30853. Determine m(-19).
763
Let x(s) = 6*s**3 + 541*s**2 - 120*s - 18900. Determine x(-90).
0
Let j(n) = n**3 + 51*n**2 + 533*n + 23. Determine j(-17).
788
Let r(f) = 118318*f + 473257. What is r(-4)?
-15
Let y(o) = 2*o**3 - o**2 - 361*o - 1585. Give y(-4).
-285
Let t(h) = -8717*h - 52300. Calculate t(-6).
2
Let l(m) = -3*m**3 - 835*m**2 + 2240*m - 2266. Calculate l(-281).
-18
Let m(s) = -25894*s - 129477. Give m(-5).
-7
Let n(r) = 39*r**3 + 9225*r**2 - 13572*r - 1434. Give n(-238).
-6
Let w(f) = -116*f**3 + 4411*f**2 - 93*f - 806. What is w(38)?
-8
Let v(x) = -x**3 + 171*x**2 - 1155*x + 2. Give v(7).
-47
Let v(y) = 184*y**2 + 637*y + 245. Calculate v(-3).
-10
Let o(d) = 2*d**3 - 6*d**2 - 41*d + 209. Determine o(8).
521
Let a(l) = 4*l**2 + 1070*l - 8622. Give a(8).
194
Let n(o) = -6*o**2 + 22*o + 43. Determine n(-5).
-217
Let m(h) = 366*h + 30769. Calculate m(-84).
25
Let z(g) = 320579*g - 1602863. Give z(5).
32
Let z(a) = 239*a - 2778. What is z(6)?
-1344
Let o(f) = 57*f + 1532. Calculate o(-22).
278
Let f(q) = q**3 + 101*q**2 - 5132*q + 125. What is f(37)?
-837
Let d(p) = -10084*p - 20205. Calculate d(-2).
-37
Let i(f) = -614*f**2 - 114826*f - 1499. Determine i(-187).
-3
Let j(f) = 675*f - 5330. Determine j(8).
70
Let m(j) = 2386*j + 1538974. Calculate m(-645).
4
Let j(z) = -2283*z - 228296. Calculate j(-100).
4
Let r(w) = 7*w**3 - 137*w**2 - 206*w + 5. Calculate r(21).
89
Let i(n) = -6040*n + 1836153. What is i(304)?
-7
Let q(x) = x**3 + 37*x**2 + 26*x - 1408. Give q(-35).
132
Let w(v) = -5*v**3 + 344*v**2 - 365*v + 54945. Calculate w(70).
-5
Let t(f) = 34117*f - 545873. Determine t(16).
-1
Let i(w) = 10*w**2 - 141*w - 193. Calculate i(11).
-534
Let q(s) = -68837*s + 481785. What is q(7)?
-74
Let g(i) = -21812*i**2 + 43625*i. Calculate g(2).
2
Let f(n) = 509*n - 7514. What is f(15)?
121
Let n(g) = g**3 + 6*g**2 + 49657*g + 347624. Give n(-7).
-24
Let i(f) = -717*f - 269329. What is i(-375)?
-454
Let o(d) = -2*d**3 - 182*d**2 + 218*d + 3422. Calculate o(-92).
294
Let w(r) = -r**3 + 10*r**2 - 1699*r + 10040. Calculate w(6).
-10
Let k(b) = 2*b**3 + 167*b**2 + 1342*b + 9. What is k(-9)?
0
Let a(j) = 489*j + 1261. Calculate a(-3).
-206
Let g(k) = -3388*k + 128838. Calculate g(38).
94
Let z(l) = -5003678*l + 30022048. Calculate z(6).
-20
Let b(x) = 682*x**2 + 5097*x + 6029. Calculate b(-6).
-1
Let v(f) = 230*f + 35514. Give v(-146).
1934
Let w(i) = 2*i**2 - 1179*i + 66460. Determine w(63).
121
Let o(j) = -3*j**3 + 10*j**2 - 4*j + 282. What is o(0)?
282
Let x(m) = 48285*m + 241428. Determine x(-5).
3
Let w(s) = s**3 - 16*s**2 - 52*s - 166. Calculate w(21).
947
Let v(r) = -2*r**2 - 4036*r - 697966. What is v(-191)?
-52
Let k(n) = 452*n + 433. What is k(-2)?
-471
Let k(w) = -23889*w - 7214472. Give k(-302).
6
Let c(w) = -186*w**2 - 1727*w - 5. Calculate c(-9).
472
Let p(y) = -7*y**2 + 158*y + 531. Give p(20).
891
Let n(p) = 18985*p - 417676. Calculate n(22).
-6
Let v(y) = -238*y + 75880. Calculate v(319).
-42
Let q(x) = -394819*x + 5527476. Calculate q(14).
10
Let o(y) = 4*y**2 - 58*y + 88. Calculate o(12).
-32
Let z(x) = -x**3 + 20*x**2 + 1833*x - 32021. What is z(17)?
7
Let c(l) = 85*l - 279. What is c(5)?
146
Let v(m) = -m**3 - 326*m**2 + 643*m - 3452. Calculate v(-328).
812
Let f(j) = 13005*j - 143010. Give f(11).
45
Let v(m) = -m**3 - 28*m**2 - 91*m + 2. Calculate v(-22).
-900
Let b(k) = -22315*k - 1138061. Determine b(-51).
4
Let q(y) = y**2 + 107373*y - 644275. Determine q(6).
-1
Let v(d) = 12*d**2 - 241*d + 2251. Calculate v(16).
1467
Let t(n) = 2*n**3 + 18*n**2 - 1122*n - 10102. What is t(-9)?
-4
Let f(r) = 797*r + 113972. Give f(-143).
1
Let u(q) = 687*q - 105079. What is u(153)?
32
Let p(q) = -250*q + 60411. Calculate p(241).
161
Let x(c) = -c**2 - 1506*c + 19637. Calculate x(13).
-110
Let t(y) = 15*y**3 + 150*y**2 - y - 65. What is t(-10)?
-55
Let d(j) = 2*j**3 + 2843*j**2 + 1663*j + 343887. Give d(-1421).
5
Let h(g) = -5*g**2 + 560*g - 2715. Determine h(107).
-40
Let o(m) = 33*m + 91. Calculate o(-43).
-1328
Let t(v) = v**2 - 25*v - 583. Calculate t(41).
73
Let c(t) = t**3 - 51*t**2 + 623*t + 9. What is c(20)?
69
Let w(l) = l**3 + 42*l**2 + 42*l + 34. What is w(-41)?
-7
Let b(m) = m**3 + 108*m**2 - 1058*m - 812. Calculate b(-117).
-227
Let y(h) = h**2 - 77*h - 767. Give y(81).
-443
Let h(z) = 2613*z + 245. Determine h(-1).
-2368
Let s(c) = 2089*c - 146117. Give s(70).
113
Let f(o) = o**3 + 43*o**2 + 110*o + 2870. Determine f(-42).
14
Let m(r) = 1493*r - 6358. Determine m(2).
-3372
Let z(a) = a**2 - 8855*a - 9390085. Calculate z(-957).
-1
Let v(t) = -86*t**2 + 36286*t + 2547. Give v(422).
15
Let j(c) = 5994*c + 30103. Give j(-5).
133
Let h(q) = -206*q - 40467. Determine h(-196).
-91
Let k(y) = 20*y**3 + 123*y**2 - 329*y - 2038. Give k(-6).
44
Let f(v) = -2*v**3 - 115*v**2 - 57*v - 168. Calculate f(-57).
-168
Let u(f) = -2*f**3 + 346*f**2 + 672*f + 4899. Calculate u(175).
-1
Let y(i) = -360*i + 29708. Determine y(81).
548
Let b(r) = 2*r**2 + 1536*r + 167793. Give b(-132).
-111
Let f(n) = -1502*n + 87340. Determine f(58).
224
Let a(t) = t**3 + 112*t**2 - 357*t - 39919. What is a(-112)?
65
Let s(w) = -2004690*w + 112262645. What is s(56)?
5
Let l(c) = c**3 + 41*c**2 + 33*c + 148. Calculate l(-41).
-1205
Let r(o) = -4*o**2 + 172*o - 1275. Determine r(41).
-947
Let o(h) = -7264*h + 21404. What is o(3)?
-388
Let v(z) = 324*z + 31600. Calculate v(-97).
172
Let v(m) = 5994*m + 47412. Calculate v(-8).
-540
Let s(b) = -8*b**3 - 7*b**2 - 583*b - 1694. Determine s(-3).
208
Let m(r) = -122*r - 4188. Determine m(-38).
448
Let a(u) = -u**3 - 36*u**2 - 301*u + 6. Give a(-8).
622
Let y(f) = -143709*f + 1437030. Give y(10).
-60
Let k(j) = -j**3 - 13*j**2 + 324*j - 1647. Calculate k(-27).
-189
Let l(i) = -i**2 - 438*i + 3039. Give l(7).
-76
Let v(j) = -102*j**2 - 24646*j + 59054. Give v(-244).
6
Let l(p) = 126449*p + 3034780. Determine l(-24).
4
Let b(y) = -69*y**2 + 834*y - 765. Determine b(1).
0
Let k(w) = 18*w**2 - 1598*w - 369. Determine k(89).
-13
Let r